5
Calculate the remainder when 5262979 is divided by 404842.
33
Calculate the remainder when 4763 is divided by 601.
556
Calculate the remainder when 755776 is divided by 8305.
21
Calculate the remainder when 2303673 is divided by 191912.
729
Calculate the remainder when 1579869 is divided by 2738.
43
What is the remainder when 55342 is divided by 554?
496
Calculate the remainder when 233930 is divided by 29144.
778
Calculate the remainder when 10799933 is divided by 3393.
14
Calculate the remainder when 9525678 is divided by 92.
90
Calculate the remainder when 214139 is divided by 26764.
27
Calculate the remainder when 57458 is divided by 57407.
51
What is the remainder when 1516276 is divided by 115?
1
What is the remainder when 350872 is divided by 792?
16
Calculate the remainder when 221685 is divided by 5259.
807
Calculate the remainder when 1791408 is divided by 4255.
53
Calculate the remainder when 219548 is divided by 1943.
1932
What is the remainder when 157074 is divided by 871?
294
Calculate the remainder when 1617638 is divided by 53919.
68
What is the remainder when 35667864 is divided by 2972322?
0
What is the remainder when 18837155 is divided by 261627?
11
What is the remainder when 539225278 is divided by 5280?
5278
Calculate the remainder when 1107653 is divided by 20126.
723
What is the remainder when 289875136 is divided by 7070125?
11
What is the remainder when 346145 is divided by 168335?
9475
What is the remainder when 11097 is divided by 285?
267
What is the remainder when 198708 is divided by 36?
24
Calculate the remainder when 95436 is divided by 47447.
542
What is the remainder when 27107059 is divided by 28?
7
What is the remainder when 165710 is divided by 6?
2
Calculate the remainder when 6539865 is divided by 192.
153
Calculate the remainder when 7113031 is divided by 93.
19
What is the remainder when 4487585 is divided by 4121?
3937
What is the remainder when 147505 is divided by 3891?
3538
What is the remainder when 142876337 is divided by 11568?
11537
What is the remainder when 4232302149 is divided by 39?
36
What is the remainder when 18449076 is divided by 68?
64
Calculate the remainder when 8608440 is divided by 292.
280
What is the remainder when 512527 is divided by 5632?
15
Calculate the remainder when 58311777 is divided by 20.
17
What is the remainder when 13694959 is divided by 326070?
19
What is the remainder when 4117015 is divided by 1397?
56
What is the remainder when 3225212 is divided by 403151?
4
Calculate the remainder when 100916 is divided by 142.
96
Calculate the remainder when 14391221 is divided by 167.
163
What is the remainder when 289636 is divided by 3920?
3476
What is the remainder when 1306391 is divided by 9749?
25
Calculate the remainder when 4301153 is divided by 860214.
83
What is the remainder when 219238 is divided by 209?
206
What is the remainder when 61409918 is divided by 646420?
18
Calculate the remainder when 432382 is divided by 216127.
128
What is the remainder when 1648129 is divided by 1010?
819
What is the remainder when 5611934 is divided by 181030?
4
Calculate the remainder when 51621671 is divided by 175.
171
Calculate the remainder when 52883 is divided by 17068.
1679
Calculate the remainder when 84227 is divided by 923.
234
What is the remainder when 178194 is divided by 150?
144
What is the remainder when 1041420 is divided by 184?
164
What is the remainder when 12221979 is divided by 2596?
11
What is the remainder when 9199 is divided by 1186?
897
Calculate the remainder when 42031307 is divided by 4.
3
Calculate the remainder when 3097522 is divided by 221242.
134
Calculate the remainder when 13286644 is divided by 1107219.
16
What is the remainder when 1045899 is divided by 348518?
345
Calculate the remainder when 1145133 is divided by 207.
9
Calculate the remainder when 54341 is divided by 1546.
231
Calculate the remainder when 54927 is divided by 2037.
1965
What is the remainder when 1063973 is divided by 1027?
1
What is the remainder when 584971 is divided by 497?
2
What is the remainder when 49317 is divided by 6985?
422
What is the remainder when 44141493 is divided by 35?
18
What is the remainder when 5042691 is divided by 91685?
16
What is the remainder when 1132820 is divided by 575?
70
What is the remainder when 61422539 is divided by 20474167?
38
What is the remainder when 197036 is divided by 15450?
11636
Calculate the remainder when 7965460 is divided by 617.
607
What is the remainder when 75228 is divided by 908?
772
What is the remainder when 86416 is divided by 330?
286
Calculate the remainder when 2614435 is divided by 653579.
119
Calculate the remainder when 927284 is divided by 463626.
32
What is the remainder when 21747783 is divided by 74?
71
Calculate the remainder when 52168060 is divided by 146129.
7
What is the remainder when 15928524 is divided by 346272?
12
What is the remainder when 3735276 is divided by 8319?
45
Calculate the remainder when 129480057 is divided by 4.
1
Calculate the remainder when 342655112 is divided by 15933.
14
What is the remainder when 4736248 is divided by 48?
40
Calculate the remainder when 4700945 is divided by 412.
25
Calculate the remainder when 7280322 is divided by 1357.
17
What is the remainder when 2336644 is divided by 754?
752
What is the remainder when 1851045 is divided by 1128?
1125
What is the remainder when 2993223 is divided by 7?
2
What is the remainder when 304403 is divided by 60846?
173
What is the remainder when 672706 is divided by 224231?
13
Calculate the remainder when 101404 is divided by 852.
16
Calculate the remainder when 1320145 is divided by 103.
97
What is the remainder when 38011 is divided by 298?
165
What is the remainder when 227758 is divided by 22769?
68
What is the remainder when 11223036 is divided by 685?
681
What is the remainder when 11135397 is divided by 2216?
2213
What is the remainder when 39049331 is divided by 1806?
1805
Calculate the remainder when 30415453 is divided by 16.
13
Calculate the remainder when 836323 is divided by 209073.
31
What is the remainder when 8527155 is divided by 82?
57
Calculate the remainder when 40145 is divided by 956.
949
Calculate the remainder when 84388257 is divided by 1495.
1487
Calculate the remainder when 160630754 is divided by 213.
212
Calculate the remainder when 2014784 is divided by 671565.
89
Calculate the remainder when 332695965 is divided by 7981.
7980
Calculate the remainder when 22988037 is divided by 184.
181
What is the remainder when 3662816 is divided by 76?
72
What is the remainder when 5577947 is divided by 2674?
2657
What is the remainder when 22828317 is divided by 5730?
5727
What is the remainder when 2790876 is divided by 146888?
4
What is the remainder when 1089262 is divided by 181?
4
What is the remainder when 122550 is divided by 49?
1
What is the remainder when 14963884 is divided by 42?
40
What is the remainder when 347184 is divided by 57385?
2874
Calculate the remainder when 1035670 is divided by 1465.
1380
What is the remainder when 534774 is divided by 14384?
2566
What is the remainder when 5555652 is divided by 72?
60
What is the remainder when 84137 is divided by 586?
339
Calculate the remainder when 3545527 is divided by 114.
13
Calculate the remainder when 9436888 is divided by 5.
3
Calculate the remainder when 228587 is divided by 75994.
605
Calculate the remainder when 10483678 is divided by 476528.
62
Calculate the remainder when 19896983 is divided by 1273.
1266
Calculate the remainder when 28000 is divided by 13976.
48
What is the remainder when 472795 is divided by 236348?
99
Calculate the remainder when 460383 is divided by 187.
176
Calculate the remainder when 503860 is divided by 434.
420
Calculate the remainder when 36996186 is divided by 12332033.
87
What is the remainder when 52705 is divided by 932?
513
What is the remainder when 828608 is divided by 1669?
784
Calculate the remainder when 20694818 is divided by 173906.
4
Calculate the remainder when 291508 is divided by 5052.
3544
Calculate the remainder when 31842 is divided by 174.
0
Calculate the remainder when 827605 is divided by 683.
492
Calculate the remainder when 1705801 is divided by 133.
76
What is the remainder